{"id":6109,"date":"2016-06-28T08:53:30","date_gmt":"2016-06-28T08:53:30","guid":{"rendered":"http:\/\/www.ecolesaintroch.be\/?page_id=6109"},"modified":"2025-07-29T08:58:25","modified_gmt":"2025-07-29T08:58:25","slug":"repas","status":"publish","type":"page","link":"https:\/\/www.ecolesaintroch.be\/?page_id=6109","title":{"rendered":"Repas"},"content":{"rendered":"<h3>Repas<\/h3>\n<p>Repas chauds en primaire (potage, plat, dessert); 4,40\u20ac<\/p>\n<p>Repas chauds en maternelle (potage, plat, dessert); 3,40\u20ac<\/p>\n<p>Potage, boisson en primaire ; 0,60\u20ac<\/p>\n<p>Potage, boisson en maternelle ; 0,50\u20ac<\/p>\n<p>Dans un souci d\u2019\u00e9ducation \u00e0 la sant\u00e9, l\u2019\u00e9cole privil\u00e9gie une collation \u00ab\u00a0fruit\u00a0\u00bb, produit laitier ou similaire durant toute l\u2019ann\u00e9e.<\/p>\n","protected":false},"excerpt":{"rendered":"<p>Repas Repas chauds en primaire (potage, plat, dessert); 4,40\u20ac Repas chauds en maternelle (potage, plat, dessert); 3,40\u20ac Potage, boisson en primaire ; 0,60\u20ac Potage, boisson&#8230; <a href=\"https:\/\/www.ecolesaintroch.be\/?page_id=6109\">[+]<\/a><\/p>\n","protected":false},"author":1,"featured_media":0,"parent":6105,"menu_order":0,"comment_status":"closed","ping_status":"closed","template":"","meta":[],"_links":{"self":[{"href":"https:\/\/www.ecolesaintroch.be\/index.php?rest_route=\/wp\/v2\/pages\/6109"}],"collection":[{"href":"https:\/\/www.ecolesaintroch.be\/index.php?rest_route=\/wp\/v2\/pages"}],"about":[{"href":"https:\/\/www.ecolesaintroch.be\/index.php?rest_route=\/wp\/v2\/types\/page"}],"author":[{"embeddable":true,"href":"https:\/\/www.ecolesaintroch.be\/index.php?rest_route=\/wp\/v2\/users\/1"}],"replies":[{"embeddable":true,"href":"https:\/\/www.ecolesaintroch.be\/index.php?rest_route=%2Fwp%2Fv2%2Fcomments&post=6109"}],"version-history":[{"count":6,"href":"https:\/\/www.ecolesaintroch.be\/index.php?rest_route=\/wp\/v2\/pages\/6109\/revisions"}],"predecessor-version":[{"id":8534,"href":"https:\/\/www.ecolesaintroch.be\/index.php?rest_route=\/wp\/v2\/pages\/6109\/revisions\/8534"}],"up":[{"embeddable":true,"href":"https:\/\/www.ecolesaintroch.be\/index.php?rest_route=\/wp\/v2\/pages\/6105"}],"wp:attachment":[{"href":"https:\/\/www.ecolesaintroch.be\/index.php?rest_route=%2Fwp%2Fv2%2Fmedia&parent=6109"}],"curies":[{"name":"wp","href":"https:\/\/api.w.org\/{rel}","templated":true}]}}